 243577
List the prime factors of 93962.
2, 11, 4271
What are the prime factors of 3539292?
2, 3, 59, 4999
List the prime factors of 766080.
2, 3, 5, 7, 19
What are the prime factors of 7511992?
2, 19, 73, 677
What are the prime factors of 35998839?
3, 3999871
List the prime factors of 1733499.
3, 192611
What are the prime factors of 8741649?
3, 7, 59467
List the prime factors of 6686162.
2, 7, 53, 9011
List the prime factors of 25696191.
3, 8565397
What are the prime factors of 767835?
3, 5, 113, 151
What are the prime factors of 3680727?
3, 269, 4561
List the prime factors of 4810604.
2, 673, 1787
List the prime factors of 201889.
201889
List the prime factors of 501802.
2, 7, 73, 491
What are the prime factors of 612766?
2, 7, 11, 23, 173
What are the prime factors of 1396282?
2, 401, 1741
List the prime factors of 9757146.
2, 3, 7, 19, 12227
What are the prime factors of 9333226?
2, 7, 131, 727
List the prime factors of 14546566.
2, 7273283
What are the prime factors of 1777133?
1777133
List the prime factors of 2995158.
2, 3, 31, 16103
List the prime factors of 664027.
7, 13, 7297
What are the prime factors of 696307?
181, 3847
What are the prime factors of 4958914?
2, 2479457
What are the prime factors of 326208?
2, 3, 1699
What are the prime factors of 656963?
19, 71, 487
List the prime factors of 15635438.
2, 7, 13, 85909
List the prime factors of 1936567.
53, 61, 599
List the prime factors of 6587538.
2, 3, 1097923
What are the prime factors of 8066290?
2, 5, 293, 2753
What are the prime factors of 519911?
7, 17, 257
List the prime factors of 21168804.
2, 3, 1764067
What are the prime factors of 1785539?
7, 255077
What are the prime factors of 199239?
3, 66413
List the prime factors of 342074.
2, 17, 10061
What are the prime factors of 11772549?
3, 37, 35353
List the prime factors of 957275.
5, 11, 59
What are the prime factors of 20391456?
2, 3, 212411
What are the prime factors of 2000919?
3, 43, 15511
List the prime factors of 408946.
2, 73, 2801
List the prime factors of 10527336.
2, 3, 146213
What are the prime factors of 56228?
2, 14057
What are the prime factors of 5554108?
2, 7, 293, 677
What are the prime factors of 5114314?
2, 17, 359, 419
List the prime factors of 11090971.
167, 66413
List the prime factors of 1711982.
2, 23, 37217
List the prime factors of 37308654.
2, 3, 37, 71, 263
What are the prime factors of 4753067?
11, 432097
List the prime factors of 10537124.
2, 13, 202637
List the prime factors of 255121.
255121
What are the prime factors of 2625850?
2, 5, 52517
What are the prime factors of 41905609?
23, 29, 62827
List the prime factors of 890325.
3, 5, 1319
What are the prime factors of 2209273?
11, 200843
What are the prime factors of 7521484?
2, 1069, 1759
List the prime factors of 3528504.
2, 3, 7, 7001
List the prime factors of 282221.
282221
What are the prime factors of 374741?
374741
List the prime factors of 753332.
2, 188333
What are the prime factors of 22193883?
3, 587, 4201
What are the prime factors of 6161999?
23, 267913
What are the prime factors of 176145?
3, 5, 11743
What are the prime factors of 37613?
29, 1297
List the prime factors of 784160.
2, 5, 13, 29
List the prime factors of 15791091.
3, 5263697
List the prime factors of 18236335.
5, 13, 157, 1787
What are the prime factors of 49504?
2, 7, 13, 17
What are the prime factors of 178543?
19, 9397
What are the prime factors of 246262?
2, 17, 7243
What are the prime factors of 4091587?
4091587
What are the prime factors of 4728785?
5, 37, 25561
List the prime factors of 5283520.
2, 5, 11, 19, 79
What are the prime factors of 512452?
2, 128113
What are the prime factors of 252394?
2, 97, 1301
What are the prime factors of 89586?
2, 3, 7, 79
What are the prime factors of 11789606?
2, 37, 159319
What are the prime factors of 8523091?
8523091
What are the prime factors of 5957332?
2, 31, 107, 449
List the prime factors of 1643011.
71, 73, 317
What are the prime factors of 3579881?
23, 317, 491
List the prime factors of 444071.
41, 10831
List the prime factors of 71152.
2, 4447
What are the prime factors of 59636?
2, 17, 877
What are the prime factors of 2556297?
3, 439, 647
List the prime factors of 7210169.
7210169
List the prime factors of 2337220.
2, 5, 137, 853
What are the prime factors of 1806577?
19, 95083
List the prime factors of 12624697.
101, 239, 523
What are the prime factors of 3392050?
2, 5, 179, 379
What are the prime factors of 383743?
19, 1063
List the prime factors of 3155862.
2, 3, 19, 31, 47
What are the prime factors of 2432823?
3, 810941
What are the prime factors of 1086582?
2, 3, 7, 41, 631
List the prime factors of 15006203.
397, 37799
What are the prime factors of 7163255?
5, 11, 130241
What are the prime factors of 979111?
7, 61, 2293
What are the prime factors of 13178095?
5, 7, 47, 8011
What are the prime factors of 3315734?
2, 1657867
List the prime factors of 141085.
5, 7, 29, 139
List the prime factors of 2730435.
3, 5, 182029
What are the prime factors of 13524888?
2, 3, 13, 67, 647
What are the prime factors of 1139356?
2, 284839
List the prime factors of 24607147.
19, 1295113
What are the prime factors of 6845151?
3, 2281717
List the prime factors of 922736.
2, 101, 571
What are the prime factors of 47976?
2, 3, 1999
What are the prime factors of 1238125?
5, 7, 283
What are the prime factors of 189080?
2, 5, 29, 163
List the prime factors of 1426264.
2, 7, 25469
List the prime factors of 1106288.
2, 69143
List the prime factors of 142851.
3, 17, 2801
List the prime factors of 3027095.
5, 53, 11423
What are the prime factors of 382997?
449, 853
What are the prime factors of 71145?
3, 5, 17, 31
List the prime factors of 783138.
2, 3, 130523
What are the prime factors of 224365?
5, 23, 1951
List the prime factors of 1075572.
2, 3, 23, 433
What are the prime factors of 720445?
5, 11, 13099
List the prime factors of 8958273.
3, 83, 35977
What are the prime factors of 8131706?
2, 11, 113, 3271
List the prime factors of 30835168.
2, 7, 13, 10589
List the prime factors of 6845947.
19, 31, 59, 197
What are the prime factors of 415369?
31, 13399
What are the prime factors of 30291?
3, 23, 439
What are the prime factors of 721913?
53, 257
What are the prime factors of 250879?
29, 41, 211
List the prime factors of 625383.
3, 11, 6317
List the prime factors of 169876.
2, 7, 6067
What are the prime factors of 257037?
3, 11, 7789
What are the prime factors of 5273361?
3, 59, 9931
List the prime factors of 2986024.
2, 127, 2939
List the prime factors of 129741.
3, 59, 733
List the prime factors of 4112964.
2, 3, 38083
What are the prime factors of 180029?
67, 2687
List the prime factors of 7596433.
13, 17, 37, 929
List the prime factors of 2584135.
5, 257, 2011
What are the prime factors of 8148464?
2, 251, 2029
List the prime factors of 659092.
2, 7, 23539
What are the prime factors of 109451?
109451
What are the prime factors of 1569386?
2, 7, 13, 8623
What are the prime factors of 291883?
151, 1933
List the prime factors of 535268.
2, 19, 7043
List the prime factors of 10303917.
3, 13, 431, 613
List the prime factors of 12156471.
3, 73, 18503
List the prime factors of 660008.
2, 17, 23, 211
List the prime factors of 203331.
3, 67777
What are the prime factors of 8314715?
5, 1662943
What are the prime factors of 3433926?
2, 3, 572321
List the prime factors of 56441.
7, 11, 733
List the prime factors of 1640212.
2, 7, 58579
What are the prime factors of 1327958?
2, 663979
List the prime factors of 1142480.
2, 5, 14281
What are the prime factors of 433602?
2, 3, 13, 17, 109
List the prime factors of 204172.
2, 51043
What are the prime factors of 7023333?
3, 2341111
List the prime factors of 643818.
2, 3, 7, 15329
What are the prime factors of 357821?
179, 1999
List the prime factors of 3154701.
3, 11, 95597
List the prime factors of 103001.
103001
List the prime factors of 7014689.
11, 637699
List the prime factors of 783502.
2, 391751
What are the prime factors of 2589672?
2, 3, 107903
What are the prime factors of 4063625?
5, 19, 29, 59
List the prime factors of 470350.
2, 5, 23, 409
List the prime factors of 12188934.
2, 3, 225721
List the prime factors of 1606028.
2, 401507
What are the prime factors of 8784043?
1259